ose -7*g = -2*g + 65. Let f be o(g). Let h(l) = l**2 + 9. What is the tens digit of h(f)?
3
Suppose 3*u - 15*o = -13*o + 2035, -4*o = 4*u - 2740. What is the units digit of u?
1
Suppose 2*v + r = -3*v - 30, 5*v = 4*r - 30. Let w(q) = 3*q + 21. What is the units digit of w(v)?
3
Let r(q) = -q**3 - 5*q**2 + q - 4. Let t be r(-5). Let y be (-137)/(-3) - (-6)/t. Suppose -y = -3*l + 6. What is the tens digit of l?
1
Let o(y) = 6*y - 5. Let z(g) = g**2 + g - 1. Let x(w) = w**2 + 7*w + 8. Let b be x(-6). Let a(c) = b*z(c) - o(c). What is the tens digit of a(4)?
1
Let p = 2 - 1. Suppose -q = 2*c - 30, 0 = -5*c + q - 5*q + 69. What is the tens digit of p*c*(25 + -24)?
1
Suppose -10 = -4*d + w + w, 4*d - w - 11 = 0. Suppose 0 = 5*z + d + 2. What is the units digit of 590/16 + z/(-8)?
7
Suppose 6*z - 5*z = 4. Suppose z*b + 2*w - 70 = 0, -3*b = b + w - 71. What is the tens digit of b?
1
Let o be 2 - ((-2)/(-3))/((-10)/165). Let d = o - -72. What is the tens digit of d?
8
Suppose 2*y = -2*k + 228, -3*k + 310 = 4*y - 146. What is the hundreds digit of y?
1
Suppose 0 = u + 2*u - 15. Suppose 3*g + 95 = u*g - 3*m, 5*g = -4*m + 272. Suppose -3*l + 102 = -4*w, 5*l = -w + 141 + g. What is the tens digit of l?
3
Let x(c) = -c**3 + 10*c**2 + 2*c + 3. Let v be x(8). Suppose 2*z + v = 5*z. What is the tens digit of z?
4
Suppose 3*n = 2*i + 3*i + 25, 0 = -4*i + 16. Suppose -3*u = 12 + n. Let l = u - -12. What is the units digit of l?
3
Let d = -1536 - -3166. What is the tens digit of d?
3
Suppose l + 438 = -0*l + 4*c, 0 = c + 4. Let y = -291 - l. What is the tens digit of y?
6
Suppose -13 = -5*y - 143. Let m = y + 195. What is the units digit of m?
9
Let x(k) = 17*k**2 - 7*k + 6. What is the tens digit of x(1)?
1
Let k(d) = -469*d + 153. What is the thousands digit of k(-4)?
2
Let m = 67 - -49. What is the units digit of m?
6
Suppose 4*p - 2*s - s = -63, -2*p = -4*s + 44. Let q = p + 84. What is the units digit of q?
2
Let o(c) = c + 10. Let i be o(14). Suppose -6 = -5*p + i. What is the tens digit of (49 - -8)*4/p?
3
Let p(h) = 2*h**2 - 27*h + 123. What is the thousands digit of p(30)?
1
Suppose -26 - 4 = -5*b - 4*j, 3*b = 5*j - 19. Suppose -b*w + 109 = d + 4*d, 0 = -5*d - 3*w + 106. What is the units digit of d?
3
Let g be 11016/32 + 2/(-8). Suppose -2*b - u = -g, 5*b - u - 293 = 560. What is the units digit of b?
1
Suppose 5 = -4*g - 11. Let w be (-15)/12 - 1/g. What is the tens digit of w + (2 - -1*33)?
3
Let v be 490 + (0*(-4)/4 - -2). Suppose -10*l + v = -7*l. What is the units digit of l?
4
Let p = 112 - 238. What is the hundreds digit of (p/36)/((-2)/(-76)*-1)?
1
Let a be (-21)/(-126) + 1/(-6). Let q be a/((-4)/8*-4). Suppose 111 = 3*h + 5*d, -3*h + 120 = -q*d + 2*d. What is the units digit of h?
2
Suppose -4*v + 5*s + 12 = 0, -2*s + 4 = 3*v - 5. Suppose -23*h = -24*h - 1. Let u = v - h. What is the units digit of u?
4
Let l be (-1)/(-1) - (6 - 0). Let x(m) = -m - 3. Let u be x(l). Suppose 0 = c - 4*c - 5*w + 16, -u*w = -c + 20. What is the units digit of c?
2
Let s be 7*((-130)/(-35) + -3). Suppose s*b - 91 = 9. What is the tens digit of b?
2
Let h = -191 - -217. What is the units digit of h?
6
What is the tens digit of 5381/6 + 17/102?
9
Let t(b) = -2*b**3 - 2*b**2 + 8*b + 3. Let i be t(-3). Let q be (-66)/i + 2/5. What is the units digit of 22/(2/q*-1)?
4
Let n(j) = -19*j - 24. Let k be n(-6). Suppose 4*u - 5*u = -k. What is the units digit of u?
0
Suppose 0 = 3*v - 49 - 41. What is the tens digit of (-466)/(-10) - (-12)/v?
4
Suppose -20*y + 4881 + 12499 = 0. What is the units digit of y?
9
What is the units digit of 2/(-11) - (-8)/((-88)/(-497))?
5
Let q(c) = c**2 - 37. Let z be q(0). Let f = -33 - z. What is the units digit of f?
4
Let u(x) = -4*x - 6. Let a be u(-4). Let h = a + -20. What is the units digit of (16/h)/((-13)/65)?
8
Let g be (-1)/3 - 17/3. Let r = g + 10. Suppose r*w - 130 + 10 = 0. What is the units digit of w?
0
Let a = 3388 + -2122. What is the hundreds digit of a?
2
Suppose 4*x - 5*x = -5. Suppose x*q = 14 + 76. Suppose 4*d + l - q = -0*l, 5*d - 4*l - 12 = 0. What is the units digit of d?
4
Suppose 0 = -8*h - h + 5*h. Suppose 0*m + 5*m + 56 = 4*y, 0 = 4*m + 16. Suppose y*t - 5*t - 232 = h. What is the tens digit of t?
5
What is the hundreds digit of 68/10*25235/98?
7
Let y(h) = h**3 + 8*h**2 + 10*h - 10. Let r be y(-8). Let m = 239 + r. What is the hundreds digit of m?
1
Let f(x) = x**2 - 3*x + 2. Let p be f(3). Suppose 0 = -2*y + p + 2. Suppose 72 = 3*c + 3*g, 0*g - y*g = -10. What is the units digit of c?
9
Let i be 55*(-11)/((-55)/8). Let k(p) = 7*p + 5. Let n be k(-6). Let w = i + n. What is the units digit of w?
1
Let n(g) be the first derivative of g**4/4 - 2*g**3 + g**2 - 9*g - 4. Let u be n(6). Suppose 114 - 21 = u*c. What is the units digit of c?
1
Let d(r) = -r**3 - 4*r**2 - r. Let m be d(-4). Suppose -m*g = g - 135. Let u = g - 18. What is the units digit of u?
9
Let p = 281 - 240. What is the tens digit of p?
4
Suppose -186*l + 191*l - 30346 = -2*o, -o = -l + 6072. What is the tens digit of l?
7
Suppose -3*a + 5*i + 79 = 0, -111 = -2*a - 2*a + i. Suppose a*p - 24*p - 540 = 0. What is the tens digit of p?
3
Suppose 0 = -5*l + l + 88. Let o = -16 + l. Suppose o*s - 5*s = 21. What is the tens digit of s?
2
Let h = -915 - -1584. What is the units digit of h?
9
Suppose 3*v - v = -4*v. Suppose v*p = -p - d + 16, 5*d + 34 = p. What is the units digit of p?
9
Let s(j) = -j**2 + 6*j + 15. Let h be s(8). What is the units digit of (-1*h*1)/(2/192)?
6
Let r be ((-28)/(-8))/(-7)*(-14)/1. Suppose 0*f - 2401 = -r*f. What is the units digit of f?
3
Let s = 88 - 60. Let j = 31 + -49. Let y = j + s. What is the units digit of y?
0
Let h(g) = 69*g + 1. Let c be h(1). Suppose 2*a = -y + c, 2*y = -3*a + 3*y + 95. What is the tens digit of a?
3
Let y = 131 - -70. Let k = y - -126. What is the hundreds digit of k?
3
Suppose n + b - 1628 = 0, -4*b = -2*n - b + 3271. What is the hundreds digit of n?
6
Suppose 2*d = 0, -f + 122 + 91 = -4*d. What is the tens digit of f?
1
Let x be (-2 + (-495)/(-20))*16. Suppose -4*p + 5*u = -364, -2*u - u = -4*p + x. What is the units digit of p?
1
Let m(h) = h**2 + 14*h + 64. What is the units digit of m(-8)?
6
Let w(p) = 2*p**2 - 5*p - 17. Let f be w(5). Suppose 10 = -0*j + 5*j, 4*s - 1308 = 4*j. What is the units digit of s/5 - f/10?
5
Suppose 2*o = 58 - 12. Let b = o + 33. What is the units digit of b?
6
Let t be ((-4)/6)/((-7)/21). Suppose 0 = -3*m + t*q - 0*q + 20, -m - q = 0. Suppose m*i - 11 = -7. What is the units digit of i?
1
Let d(a) = -a**2 - 28*a + 64. What is the tens digit of d(-28)?
6
Suppose 0 = -5*n + o + 420, -n - 4*o - 9 = -72. What is the tens digit of n?
8
Suppose -8 = 3*x - g, -4*g + 15 + 4 = x. Let h be (-1)/x - (7 - 11). Suppose -2*z + 40 + 69 = -h*k, -4*z - 3*k + 205 = 0. What is the tens digit of z?
5
Let d(o) = -65*o + 2. What is the units digit of d(-7)?
7
Suppose -5*z - 221 + 2552 = 3*p, 4*z = -3*p + 1863. What is the hundreds digit of z?
4
Let r = 1907 - -530. What is the hundreds digit of r?
4
Let m = 90 - -18. Suppose -5*k = 58 - m. What is the tens digit of k?
1
Suppose h + 5*d = -35 + 159, 2*h + 2*d = 240. Suppose -h = -4*i + 433. What is the units digit of i?
8
Suppose 4*a = -a + 25. Let q = 5 - a. Suppose 3*r - 7*r = 4*v - 48, -5*v = q. What is the units digit of r?
2
Suppose 3*x - 394 = 614. What is the hundreds digit of x?
3
Let w(v) = 2*v**2 + 5*v + 4. Let n be w(-2). Suppose -y - 2*y - 109 = -n*a, a - 2*y - 55 = 0. What is the tens digit of a?
5
Let u(j) = j**3 - 14*j**2 + 14*j - 9. Let q be -2 + (-5)/((-5)/3). Let o be -2*(q - 45/6). What is the units digit of u(o)?
4
Let j(o) = 33*o**2 + 3*o + 2. Let q be j(-1). Suppose 0 = 2*i + 1 - 5, -q = -z + 3*i. What is the units digit of z?
8
Suppose -2*d + 14 = -4*n, 0*d - 13 = -d + 4*n. Let j(i) = -i**2 + 27*i**2 + 0 + 1. What is the tens digit of j(d)?
2
Let o(v) = 8*v. Let a be o(1). Let x be 9/(-15) - ((-1816)/5)/2. Suppose h = 2*z + 47, -a*h = -4*h - z - x. What is the units digit of h?
5
Let f(p) = 33*p**2 - 2*p + 2. Let u = -23 - -21. Let s be f(u). Let r = s - 97. What is the units digit of r?
1
Let g(y) = -3*y**2 + 17*y + 1. Let c be g(7). What is the tens digit of ((-3)/(c/(-1212)))/((-8)/12)?
0
Let k(a) be the thir